{"id":440,"date":"2026-04-04T06:53:09","date_gmt":"2026-04-04T04:53:09","guid":{"rendered":"https:\/\/exposed.noclothes.de\/?page_id=440"},"modified":"2026-04-04T07:47:31","modified_gmt":"2026-04-04T05:47:31","slug":"anja-engler","status":"publish","type":"page","link":"https:\/\/exposed.noclothes.de\/?page_id=440","title":{"rendered":"Anja Engler"},"content":{"rendered":"<p>Ich bin verheiratet suche aber auch au\u00dferhalb meiner Ehe meinen Spa\u00df.<\/p>\n<ul>\n<li>Name: Anja Engler<\/li>\n<li>Geburtsdatum: 16.02.1976<\/li>\n<li>Stra\u00dfe: Waldhofstr. 50<\/li>\n<li>Ort: 79117 Freiburg<\/li>\n<li>E-Mail: <a href=\"mailto:anja.engler.fr@gmail.com\">anja.engler.fr@gmail.com<\/a><\/li>\n<li>Familenstand: Verheiratet<\/li>\n<li>Gr\u00f6\u00dfe : 162cm<\/li>\n<li>Gewicht: 70kg<\/li>\n<li>Sexuelle Ausrichtung: Bi<\/li>\n<li>Sexuelle Interessen: Sehr vieles.<div id='gallery-1' class='gallery galleryid-440 gallery-columns-1 gallery-size-large'><figure class='gallery-item'>\n\t\t\t<div class='gallery-icon portrait'>\n\t\t\t\t<a href='https:\/\/exposed.noclothes.de\/wp-content\/uploads\/2026\/04\/IMG_7214.jpeg'><img loading=\"lazy\" decoding=\"async\" width=\"768\" height=\"1024\" src=\"https:\/\/exposed.noclothes.de\/wp-content\/uploads\/2026\/04\/IMG_7214-768x1024.jpeg\" class=\"attachment-large size-large\" alt=\"\" srcset=\"https:\/\/exposed.noclothes.de\/wp-content\/uploads\/2026\/04\/IMG_7214-768x1024.jpeg 768w, https:\/\/exposed.noclothes.de\/wp-content\/uploads\/2026\/04\/IMG_7214-225x300.jpeg 225w, https:\/\/exposed.noclothes.de\/wp-content\/uploads\/2026\/04\/IMG_7214-1152x1536.jpeg 1152w, https:\/\/exposed.noclothes.de\/wp-content\/uploads\/2026\/04\/IMG_7214.jpeg 1200w\" sizes=\"auto, (max-width: 768px) 100vw, 768px\" \/><\/a>\n\t\t\t<\/div><\/figure>\n\t\t<\/div>\n<\/li>\n<\/ul>\n","protected":false},"excerpt":{"rendered":"<p>Ich bin verheiratet suche aber auch au\u00dferhalb meiner Ehe meinen Spa\u00df. Name: Anja Engler Geburtsdatum: 16.02.1976 Stra\u00dfe: Waldhofstr. 50 Ort: 79117 Freiburg E-Mail: anja.engler.fr@gmail.com Familenstand: Verheiratet Gr\u00f6\u00dfe : 162cm Gewicht: 70kg Sexuelle Ausrichtung: Bi Sexuelle Interessen: Sehr vieles.<\/p>\n","protected":false},"author":1,"featured_media":442,"parent":0,"menu_order":0,"comment_status":"open","ping_status":"closed","template":"","meta":{"site-container-style":"default","site-container-layout":"default","site-sidebar-layout":"default","disable-article-header":"default","disable-site-header":"default","disable-site-footer":"default","disable-content-area-spacing":"default","footnotes":"","_links_to":"","_links_to_target":""},"categories":[1,6],"tags":[18],"class_list":["post-440","page","type-page","status-publish","has-post-thumbnail","hentry","category-allgemein","category-neue-mitglieder","tag-anja-engler"],"_links":{"self":[{"href":"https:\/\/exposed.noclothes.de\/index.php?rest_route=\/wp\/v2\/pages\/440","targetHints":{"allow":["GET"]}}],"collection":[{"href":"https:\/\/exposed.noclothes.de\/index.php?rest_route=\/wp\/v2\/pages"}],"about":[{"href":"https:\/\/exposed.noclothes.de\/index.php?rest_route=\/wp\/v2\/types\/page"}],"author":[{"embeddable":true,"href":"https:\/\/exposed.noclothes.de\/index.php?rest_route=\/wp\/v2\/users\/1"}],"replies":[{"embeddable":true,"href":"https:\/\/exposed.noclothes.de\/index.php?rest_route=%2Fwp%2Fv2%2Fcomments&post=440"}],"version-history":[{"count":6,"href":"https:\/\/exposed.noclothes.de\/index.php?rest_route=\/wp\/v2\/pages\/440\/revisions"}],"predecessor-version":[{"id":452,"href":"https:\/\/exposed.noclothes.de\/index.php?rest_route=\/wp\/v2\/pages\/440\/revisions\/452"}],"wp:featuredmedia":[{"embeddable":true,"href":"https:\/\/exposed.noclothes.de\/index.php?rest_route=\/wp\/v2\/media\/442"}],"wp:attachment":[{"href":"https:\/\/exposed.noclothes.de\/index.php?rest_route=%2Fwp%2Fv2%2Fmedia&parent=440"}],"wp:term":[{"taxonomy":"category","embeddable":true,"href":"https:\/\/exposed.noclothes.de\/index.php?rest_route=%2Fwp%2Fv2%2Fcategories&post=440"},{"taxonomy":"post_tag","embeddable":true,"href":"https:\/\/exposed.noclothes.de\/index.php?rest_route=%2Fwp%2Fv2%2Ftags&post=440"}],"curies":[{"name":"wp","href":"https:\/\/api.w.org\/{rel}","templated":true}]}}