{"id":210,"date":"2026-03-01T21:09:23","date_gmt":"2026-03-01T20:09:23","guid":{"rendered":"https:\/\/exposed.noclothes.de\/?page_id=210"},"modified":"2026-03-29T13:52:07","modified_gmt":"2026-03-29T11:52:07","slug":"paul-dellmen","status":"publish","type":"page","link":"https:\/\/exposed.noclothes.de\/?page_id=210","title":{"rendered":"Paul Dellmen"},"content":{"rendered":"<p>Ich liebe FKK gehe gerne in die Sauna und zeige mich gerne nackt bin auch als Modell zur haben<\/p>\n<p>Name: Paul Dellmen<br \/>\nGeburtsdatum: 27.11.1967<br \/>\nStra\u00dfe: Feldbergstr<br \/>\nOrt: 61449 Steinbach<br \/>\nE-Mail: <a href=\"mailto:sunnyboy-67@web.de\">sunnyboy-67@web.de<\/a><br \/>\nFamilenstand: Verheiratet<br \/>\nGr\u00f6\u00dfe : 182cm<br \/>\nGewicht: 65kg<br \/>\nPenis: 18,5 x 5,5<br \/>\nSexuelle Ausrichtung: Hetero<br \/>\nSexuelle Interessen: Mich nackt zeigen und Modell stehen<\/p>\n<div id='gallery-1' class='gallery galleryid-210 gallery-columns-4 gallery-size-large'><figure class='gallery-item'>\n\t\t\t<div class='gallery-icon portrait'>\n\t\t\t\t<a href='https:\/\/exposed.noclothes.de\/wp-content\/uploads\/2026\/03\/IMG_20251121_175252.jpg'><img loading=\"lazy\" decoding=\"async\" width=\"447\" height=\"1024\" src=\"https:\/\/exposed.noclothes.de\/wp-content\/uploads\/2026\/03\/IMG_20251121_175252-447x1024.jpg\" class=\"attachment-large size-large\" alt=\"\" srcset=\"https:\/\/exposed.noclothes.de\/wp-content\/uploads\/2026\/03\/IMG_20251121_175252-447x1024.jpg 447w, https:\/\/exposed.noclothes.de\/wp-content\/uploads\/2026\/03\/IMG_20251121_175252-131x300.jpg 131w, https:\/\/exposed.noclothes.de\/wp-content\/uploads\/2026\/03\/IMG_20251121_175252-768x1759.jpg 768w, https:\/\/exposed.noclothes.de\/wp-content\/uploads\/2026\/03\/IMG_20251121_175252-671x1536.jpg 671w, https:\/\/exposed.noclothes.de\/wp-content\/uploads\/2026\/03\/IMG_20251121_175252-894x2048.jpg 894w, https:\/\/exposed.noclothes.de\/wp-content\/uploads\/2026\/03\/IMG_20251121_175252.jpg 999w\" sizes=\"auto, (max-width: 447px) 100vw, 447px\" \/><\/a>\n\t\t\t<\/div><\/figure><figure class='gallery-item'>\n\t\t\t<div class='gallery-icon portrait'>\n\t\t\t\t<a href='https:\/\/exposed.noclothes.de\/wp-content\/uploads\/2026\/03\/Paul-Dellmen-14.jpg'><img loading=\"lazy\" decoding=\"async\" width=\"729\" height=\"900\" src=\"https:\/\/exposed.noclothes.de\/wp-content\/uploads\/2026\/03\/Paul-Dellmen-14.jpg\" class=\"attachment-large size-large\" alt=\"\" srcset=\"https:\/\/exposed.noclothes.de\/wp-content\/uploads\/2026\/03\/Paul-Dellmen-14.jpg 729w, https:\/\/exposed.noclothes.de\/wp-content\/uploads\/2026\/03\/Paul-Dellmen-14-243x300.jpg 243w\" sizes=\"auto, (max-width: 729px) 100vw, 729px\" \/><\/a>\n\t\t\t<\/div><\/figure><figure class='gallery-item'>\n\t\t\t<div class='gallery-icon portrait'>\n\t\t\t\t<a href='https:\/\/exposed.noclothes.de\/wp-content\/uploads\/2026\/03\/PaulDellmen.jpg'><img loading=\"lazy\" decoding=\"async\" width=\"662\" height=\"680\" src=\"https:\/\/exposed.noclothes.de\/wp-content\/uploads\/2026\/03\/PaulDellmen.jpg\" class=\"attachment-large size-large\" alt=\"\" srcset=\"https:\/\/exposed.noclothes.de\/wp-content\/uploads\/2026\/03\/PaulDellmen.jpg 662w, https:\/\/exposed.noclothes.de\/wp-content\/uploads\/2026\/03\/PaulDellmen-292x300.jpg 292w\" sizes=\"auto, (max-width: 662px) 100vw, 662px\" \/><\/a>\n\t\t\t<\/div><\/figure><figure class='gallery-item'>\n\t\t\t<div class='gallery-icon landscape'>\n\t\t\t\t<a href='https:\/\/exposed.noclothes.de\/wp-content\/uploads\/2026\/03\/PaulDellmen15.jpg'><img loading=\"lazy\" decoding=\"async\" width=\"1012\" height=\"1000\" src=\"https:\/\/exposed.noclothes.de\/wp-content\/uploads\/2026\/03\/PaulDellmen15.jpg\" class=\"attachment-large size-large\" alt=\"\" srcset=\"https:\/\/exposed.noclothes.de\/wp-content\/uploads\/2026\/03\/PaulDellmen15.jpg 1012w, https:\/\/exposed.noclothes.de\/wp-content\/uploads\/2026\/03\/PaulDellmen15-300x296.jpg 300w, https:\/\/exposed.noclothes.de\/wp-content\/uploads\/2026\/03\/PaulDellmen15-768x759.jpg 768w\" sizes=\"auto, (max-width: 1012px) 100vw, 1012px\" \/><\/a>\n\t\t\t<\/div><\/figure>\n\t\t<\/div>\n\n","protected":false},"excerpt":{"rendered":"<p>Ich liebe FKK gehe gerne in die Sauna und zeige mich gerne nackt bin auch als Modell zur haben Name: Paul Dellmen Geburtsdatum: 27.11.1967 Stra\u00dfe: Feldbergstr Ort: 61449 Steinbach E-Mail: sunnyboy-67@web.de Familenstand: Verheiratet Gr\u00f6\u00dfe : 182cm Gewicht: 65kg Penis: 18,5 x 5,5 Sexuelle Ausrichtung: Hetero Sexuelle Interessen: Mich nackt zeigen und Modell stehen<\/p>\n","protected":false},"author":1,"featured_media":216,"parent":0,"menu_order":0,"comment_status":"open","ping_status":"closed","template":"","meta":{"site-container-style":"default","site-container-layout":"default","site-sidebar-layout":"default","disable-article-header":"default","disable-site-header":"default","disable-site-footer":"default","disable-content-area-spacing":"default","footnotes":"","_links_to":"","_links_to_target":""},"categories":[1],"tags":[12],"class_list":["post-210","page","type-page","status-publish","has-post-thumbnail","hentry","category-allgemein","tag-paul-dellmen"],"_links":{"self":[{"href":"https:\/\/exposed.noclothes.de\/index.php?rest_route=\/wp\/v2\/pages\/210","targetHints":{"allow":["GET"]}}],"collection":[{"href":"https:\/\/exposed.noclothes.de\/index.php?rest_route=\/wp\/v2\/pages"}],"about":[{"href":"https:\/\/exposed.noclothes.de\/index.php?rest_route=\/wp\/v2\/types\/page"}],"author":[{"embeddable":true,"href":"https:\/\/exposed.noclothes.de\/index.php?rest_route=\/wp\/v2\/users\/1"}],"replies":[{"embeddable":true,"href":"https:\/\/exposed.noclothes.de\/index.php?rest_route=%2Fwp%2Fv2%2Fcomments&post=210"}],"version-history":[{"count":2,"href":"https:\/\/exposed.noclothes.de\/index.php?rest_route=\/wp\/v2\/pages\/210\/revisions"}],"predecessor-version":[{"id":218,"href":"https:\/\/exposed.noclothes.de\/index.php?rest_route=\/wp\/v2\/pages\/210\/revisions\/218"}],"wp:featuredmedia":[{"embeddable":true,"href":"https:\/\/exposed.noclothes.de\/index.php?rest_route=\/wp\/v2\/media\/216"}],"wp:attachment":[{"href":"https:\/\/exposed.noclothes.de\/index.php?rest_route=%2Fwp%2Fv2%2Fmedia&parent=210"}],"wp:term":[{"taxonomy":"category","embeddable":true,"href":"https:\/\/exposed.noclothes.de\/index.php?rest_route=%2Fwp%2Fv2%2Fcategories&post=210"},{"taxonomy":"post_tag","embeddable":true,"href":"https:\/\/exposed.noclothes.de\/index.php?rest_route=%2Fwp%2Fv2%2Ftags&post=210"}],"curies":[{"name":"wp","href":"https:\/\/api.w.org\/{rel}","templated":true}]}}