{"id":147,"date":"2026-03-01T11:52:43","date_gmt":"2026-03-01T10:52:43","guid":{"rendered":"https:\/\/exposed.noclothes.de\/?page_id=147"},"modified":"2026-03-29T13:52:38","modified_gmt":"2026-03-29T11:52:38","slug":"norbert-kempe","status":"publish","type":"page","link":"https:\/\/exposed.noclothes.de\/?page_id=147","title":{"rendered":"Norbert Kempe"},"content":{"rendered":"<p>Meistens bin ich nackt. Auch gerne \u00f6ffentlich drau\u00dfen und im Netz. Jeder darf mich so fotografieren und meine Bilder sind \u00fcberall verwendbar. Ich darf im gesamten Netz so gezeigt werden.<\/p>\n<p>Name: Norbert Kempe<br \/>\nGeburtsdatum: 17.05.1962<br \/>\nOrt: Schwerin, Germany<br \/>\nE-Mail: <a href=\"mailto:cut.junge@yahoo.com\" target=\"_blank\" rel=\"noopener\">cut.junge@yahoo.com<\/a><br \/>\nTelegram : <a href=\"https:\/\/t.me\/+nlcdTfJm3O81NDIy\" target=\"_blank\" rel=\"noopener\">https:\/\/t.me\/+nlcdTfJm3O81NDIy<\/a><br \/>\nFamilenstand: vergeben<br \/>\nGr\u00f6\u00dfe : 186cm<br \/>\nGewicht: 76kg<br \/>\nSexuelle Ausrichtung: schwul<br \/>\nSexuelle Interessen: Sex nur mit M\u00e4nnern. Am liebsten drau\u00dfen, auch mit Zuschauern. Dabei ist es egal wer zuschaut.<\/p>\n<div id='gallery-1' class='gallery galleryid-147 gallery-columns-4 gallery-size-large'><figure class='gallery-item'>\n\t\t\t<div class='gallery-icon portrait'>\n\t\t\t\t<a href='https:\/\/exposed.noclothes.de\/wp-content\/uploads\/2026\/03\/Norbert-Kempe-2431_1-scaled.jpg'><img loading=\"lazy\" decoding=\"async\" width=\"731\" height=\"1024\" src=\"https:\/\/exposed.noclothes.de\/wp-content\/uploads\/2026\/03\/Norbert-Kempe-2431_1-731x1024.jpg\" class=\"attachment-large size-large\" alt=\"\" aria-describedby=\"gallery-1-150\" srcset=\"https:\/\/exposed.noclothes.de\/wp-content\/uploads\/2026\/03\/Norbert-Kempe-2431_1-731x1024.jpg 731w, https:\/\/exposed.noclothes.de\/wp-content\/uploads\/2026\/03\/Norbert-Kempe-2431_1-214x300.jpg 214w, https:\/\/exposed.noclothes.de\/wp-content\/uploads\/2026\/03\/Norbert-Kempe-2431_1-768x1075.jpg 768w, https:\/\/exposed.noclothes.de\/wp-content\/uploads\/2026\/03\/Norbert-Kempe-2431_1-1097x1536.jpg 1097w, https:\/\/exposed.noclothes.de\/wp-content\/uploads\/2026\/03\/Norbert-Kempe-2431_1-1463x2048.jpg 1463w, https:\/\/exposed.noclothes.de\/wp-content\/uploads\/2026\/03\/Norbert-Kempe-2431_1-1320x1848.jpg 1320w, https:\/\/exposed.noclothes.de\/wp-content\/uploads\/2026\/03\/Norbert-Kempe-2431_1-scaled.jpg 1829w\" sizes=\"auto, (max-width: 731px) 100vw, 731px\" \/><\/a>\n\t\t\t<\/div>\n\t\t\t\t<figcaption class='wp-caption-text gallery-caption' id='gallery-1-150'>\n\t\t\t\tNorbert Kempe\n\t\t\t\t<\/figcaption><\/figure><figure class='gallery-item'>\n\t\t\t<div class='gallery-icon portrait'>\n\t\t\t\t<a href='https:\/\/exposed.noclothes.de\/wp-content\/uploads\/2026\/03\/Norbert-Kempe-2474_1.jpg'><img loading=\"lazy\" decoding=\"async\" width=\"731\" height=\"1024\" src=\"https:\/\/exposed.noclothes.de\/wp-content\/uploads\/2026\/03\/Norbert-Kempe-2474_1-731x1024.jpg\" class=\"attachment-large size-large\" alt=\"\" aria-describedby=\"gallery-1-151\" srcset=\"https:\/\/exposed.noclothes.de\/wp-content\/uploads\/2026\/03\/Norbert-Kempe-2474_1-731x1024.jpg 731w, https:\/\/exposed.noclothes.de\/wp-content\/uploads\/2026\/03\/Norbert-Kempe-2474_1-214x300.jpg 214w, https:\/\/exposed.noclothes.de\/wp-content\/uploads\/2026\/03\/Norbert-Kempe-2474_1-768x1075.jpg 768w, https:\/\/exposed.noclothes.de\/wp-content\/uploads\/2026\/03\/Norbert-Kempe-2474_1.jpg 1000w\" sizes=\"auto, (max-width: 731px) 100vw, 731px\" \/><\/a>\n\t\t\t<\/div>\n\t\t\t\t<figcaption class='wp-caption-text gallery-caption' id='gallery-1-151'>\n\t\t\t\tNorbert Kempe\n\t\t\t\t<\/figcaption><\/figure><figure class='gallery-item'>\n\t\t\t<div class='gallery-icon portrait'>\n\t\t\t\t<a href='https:\/\/exposed.noclothes.de\/wp-content\/uploads\/2026\/03\/Norbert-Kempe-2505-scaled.jpg'><img loading=\"lazy\" decoding=\"async\" width=\"731\" height=\"1024\" src=\"https:\/\/exposed.noclothes.de\/wp-content\/uploads\/2026\/03\/Norbert-Kempe-2505-731x1024.jpg\" class=\"attachment-large size-large\" alt=\"\" aria-describedby=\"gallery-1-152\" srcset=\"https:\/\/exposed.noclothes.de\/wp-content\/uploads\/2026\/03\/Norbert-Kempe-2505-731x1024.jpg 731w, https:\/\/exposed.noclothes.de\/wp-content\/uploads\/2026\/03\/Norbert-Kempe-2505-214x300.jpg 214w, https:\/\/exposed.noclothes.de\/wp-content\/uploads\/2026\/03\/Norbert-Kempe-2505-768x1075.jpg 768w, https:\/\/exposed.noclothes.de\/wp-content\/uploads\/2026\/03\/Norbert-Kempe-2505-1097x1536.jpg 1097w, https:\/\/exposed.noclothes.de\/wp-content\/uploads\/2026\/03\/Norbert-Kempe-2505-1463x2048.jpg 1463w, https:\/\/exposed.noclothes.de\/wp-content\/uploads\/2026\/03\/Norbert-Kempe-2505-1320x1848.jpg 1320w, https:\/\/exposed.noclothes.de\/wp-content\/uploads\/2026\/03\/Norbert-Kempe-2505-scaled.jpg 1829w\" sizes=\"auto, (max-width: 731px) 100vw, 731px\" \/><\/a>\n\t\t\t<\/div>\n\t\t\t\t<figcaption class='wp-caption-text gallery-caption' id='gallery-1-152'>\n\t\t\t\tNorbert Kempe\n\t\t\t\t<\/figcaption><\/figure><figure class='gallery-item'>\n\t\t\t<div class='gallery-icon portrait'>\n\t\t\t\t<a href='https:\/\/exposed.noclothes.de\/wp-content\/uploads\/2026\/03\/Norbert-Kempe-2575_2.jpg'><img loading=\"lazy\" decoding=\"async\" width=\"731\" height=\"1024\" src=\"https:\/\/exposed.noclothes.de\/wp-content\/uploads\/2026\/03\/Norbert-Kempe-2575_2-731x1024.jpg\" class=\"attachment-large size-large\" alt=\"\" aria-describedby=\"gallery-1-153\" srcset=\"https:\/\/exposed.noclothes.de\/wp-content\/uploads\/2026\/03\/Norbert-Kempe-2575_2-731x1024.jpg 731w, https:\/\/exposed.noclothes.de\/wp-content\/uploads\/2026\/03\/Norbert-Kempe-2575_2-214x300.jpg 214w, https:\/\/exposed.noclothes.de\/wp-content\/uploads\/2026\/03\/Norbert-Kempe-2575_2-768x1075.jpg 768w, https:\/\/exposed.noclothes.de\/wp-content\/uploads\/2026\/03\/Norbert-Kempe-2575_2.jpg 1000w\" sizes=\"auto, (max-width: 731px) 100vw, 731px\" \/><\/a>\n\t\t\t<\/div>\n\t\t\t\t<figcaption class='wp-caption-text gallery-caption' id='gallery-1-153'>\n\t\t\t\tNorbert Kempe\n\t\t\t\t<\/figcaption><\/figure>\n\t\t<\/div>\n\n","protected":false},"excerpt":{"rendered":"<p>Meistens bin ich nackt. Auch gerne \u00f6ffentlich drau\u00dfen und im Netz. Jeder darf mich so fotografieren und meine Bilder sind \u00fcberall verwendbar. Ich darf im gesamten Netz so gezeigt werden. Name: Norbert Kempe Geburtsdatum: 17.05.1962 Ort: Schwerin, Germany E-Mail: cut.junge@yahoo.com Telegram : https:\/\/t.me\/+nlcdTfJm3O81NDIy Familenstand: vergeben Gr\u00f6\u00dfe : 186cm Gewicht: 76kg Sexuelle Ausrichtung: schwul Sexuelle Interessen: [&hellip;]<\/p>\n","protected":false},"author":1,"featured_media":153,"parent":0,"menu_order":0,"comment_status":"open","ping_status":"closed","template":"","meta":{"site-container-style":"default","site-container-layout":"default","site-sidebar-layout":"default","disable-article-header":"default","disable-site-header":"default","disable-site-footer":"default","disable-content-area-spacing":"default","footnotes":"","_links_to":"","_links_to_target":""},"categories":[1],"tags":[13],"class_list":["post-147","page","type-page","status-publish","has-post-thumbnail","hentry","category-allgemein","tag-norbert-kempe"],"_links":{"self":[{"href":"https:\/\/exposed.noclothes.de\/index.php?rest_route=\/wp\/v2\/pages\/147","targetHints":{"allow":["GET"]}}],"collection":[{"href":"https:\/\/exposed.noclothes.de\/index.php?rest_route=\/wp\/v2\/pages"}],"about":[{"href":"https:\/\/exposed.noclothes.de\/index.php?rest_route=\/wp\/v2\/types\/page"}],"author":[{"embeddable":true,"href":"https:\/\/exposed.noclothes.de\/index.php?rest_route=\/wp\/v2\/users\/1"}],"replies":[{"embeddable":true,"href":"https:\/\/exposed.noclothes.de\/index.php?rest_route=%2Fwp%2Fv2%2Fcomments&post=147"}],"version-history":[{"count":3,"href":"https:\/\/exposed.noclothes.de\/index.php?rest_route=\/wp\/v2\/pages\/147\/revisions"}],"predecessor-version":[{"id":154,"href":"https:\/\/exposed.noclothes.de\/index.php?rest_route=\/wp\/v2\/pages\/147\/revisions\/154"}],"wp:featuredmedia":[{"embeddable":true,"href":"https:\/\/exposed.noclothes.de\/index.php?rest_route=\/wp\/v2\/media\/153"}],"wp:attachment":[{"href":"https:\/\/exposed.noclothes.de\/index.php?rest_route=%2Fwp%2Fv2%2Fmedia&parent=147"}],"wp:term":[{"taxonomy":"category","embeddable":true,"href":"https:\/\/exposed.noclothes.de\/index.php?rest_route=%2Fwp%2Fv2%2Fcategories&post=147"},{"taxonomy":"post_tag","embeddable":true,"href":"https:\/\/exposed.noclothes.de\/index.php?rest_route=%2Fwp%2Fv2%2Ftags&post=147"}],"curies":[{"name":"wp","href":"https:\/\/api.w.org\/{rel}","templated":true}]}}